{"id":15971,"date":"2024-03-22T18:25:03","date_gmt":"2024-03-22T15:25:03","guid":{"rendered":"https:\/\/demositelerim.biz.tr\/favorigo\/?post_type=product&#038;p=15971"},"modified":"2024-03-24T15:34:37","modified_gmt":"2024-03-24T12:34:37","slug":"hediyelik-islemeli-ahsap-taki-kutusu-3","status":"publish","type":"product","link":"https:\/\/favorigo.com\/index.php\/urun\/hediyelik-islemeli-ahsap-taki-kutusu-3\/","title":{"rendered":"Hediyelik \u0130\u015flemeli Ah\u015fap Tak\u0131 Kutusu"},"content":{"rendered":"<p>Hediyelik Tak\u0131 Kutusu<\/p>\n<p>Ah\u015fap i\u015flemeli ger\u00e7ek ceviz<\/p>\n<p>\u00dcr\u00fcnlerimiz ger\u00e7ek cevizden yap\u0131lmaktad\u0131r.<\/p>\n<p>\u00dcr\u00fcn\u00fcm\u00fcz\u00fcn \u00f6l\u00e7\u00fcleri : 32 x 22 x 12 cm<\/p>\n<p>Stoklar\u0131m\u0131zda bulunan modelden g\u00f6nderim yap\u0131lmaktad\u0131r.<\/p>\n<p>Keyifli al\u0131\u015fveri\u015fler dileriz \ud83d\ude42<\/p>\n","protected":false},"excerpt":{"rendered":"<p>Hediyelik Tak\u0131 Kutusu Ah\u015fap i\u015flemeli ger\u00e7ek ceviz \u00dcr\u00fcnlerimiz ger\u00e7ek cevizden yap\u0131lmaktad\u0131r. \u00dcr\u00fcn\u00fcm\u00fcz\u00fcn \u00f6l\u00e7\u00fcleri : 32 x 22 x 12 cm<\/p>\n","protected":false},"featured_media":15972,"comment_status":"open","ping_status":"closed","template":"","meta":[],"product_brand":[],"product_cat":[74],"product_tag":[],"class_list":{"0":"post-15971","1":"product","2":"type-product","3":"status-publish","4":"has-post-thumbnail","6":"product_cat-ahsap-urunler","8":"first","9":"instock","10":"sale","11":"taxable","12":"shipping-taxable","13":"purchasable","14":"product-type-simple"},"_links":{"self":[{"href":"https:\/\/favorigo.com\/index.php\/wp-json\/wp\/v2\/product\/15971","targetHints":{"allow":["GET"]}}],"collection":[{"href":"https:\/\/favorigo.com\/index.php\/wp-json\/wp\/v2\/product"}],"about":[{"href":"https:\/\/favorigo.com\/index.php\/wp-json\/wp\/v2\/types\/product"}],"replies":[{"embeddable":true,"href":"https:\/\/favorigo.com\/index.php\/wp-json\/wp\/v2\/comments?post=15971"}],"version-history":[{"count":2,"href":"https:\/\/favorigo.com\/index.php\/wp-json\/wp\/v2\/product\/15971\/revisions"}],"predecessor-version":[{"id":16240,"href":"https:\/\/favorigo.com\/index.php\/wp-json\/wp\/v2\/product\/15971\/revisions\/16240"}],"wp:featuredmedia":[{"embeddable":true,"href":"https:\/\/favorigo.com\/index.php\/wp-json\/wp\/v2\/media\/15972"}],"wp:attachment":[{"href":"https:\/\/favorigo.com\/index.php\/wp-json\/wp\/v2\/media?parent=15971"}],"wp:term":[{"taxonomy":"product_brand","embeddable":true,"href":"https:\/\/favorigo.com\/index.php\/wp-json\/wp\/v2\/product_brand?post=15971"},{"taxonomy":"product_cat","embeddable":true,"href":"https:\/\/favorigo.com\/index.php\/wp-json\/wp\/v2\/product_cat?post=15971"},{"taxonomy":"product_tag","embeddable":true,"href":"https:\/\/favorigo.com\/index.php\/wp-json\/wp\/v2\/product_tag?post=15971"}],"curies":[{"name":"wp","href":"https:\/\/api.w.org\/{rel}","templated":true}]}}