{"id":16055,"date":"2024-03-23T00:19:02","date_gmt":"2024-03-22T21:19:02","guid":{"rendered":"https:\/\/demositelerim.biz.tr\/favorigo\/?post_type=product&#038;p=16055"},"modified":"2024-03-24T15:44:09","modified_gmt":"2024-03-24T12:44:09","slug":"dogal-tas-tesbihler-koleksiyonluk-orijinal-tesbihler-5","status":"publish","type":"product","link":"https:\/\/favorigo.com\/index.php\/urun\/dogal-tas-tesbihler-koleksiyonluk-orijinal-tesbihler-5\/","title":{"rendered":"Do\u011fal Ta\u015f Tesbihler Koleksiyonluk Orijinal Tesbihler"},"content":{"rendered":"<p>Do\u011fal ta\u015f tesbihler<\/p>\n<p>Koleksiyonluk Orijinal Tesbihler<\/p>\n<p>Keyifli al\u0131\u015fveri\u015fler dileriz \ud83d\ude42<\/p>\n<p>&nbsp;<\/p>\n","protected":false},"excerpt":{"rendered":"<p>Do\u011fal ta\u015f tesbihler Koleksiyonluk Orijinal Tesbihler Keyifli al\u0131\u015fveri\u015fler dileriz \ud83d\ude42 &nbsp;<\/p>\n","protected":false},"featured_media":16059,"comment_status":"open","ping_status":"closed","template":"","meta":[],"product_brand":[],"product_cat":[73],"product_tag":[],"class_list":{"0":"post-16055","1":"product","2":"type-product","3":"status-publish","4":"has-post-thumbnail","6":"product_cat-hediyelik-esya","8":"first","9":"instock","10":"sale","11":"taxable","12":"shipping-taxable","13":"purchasable","14":"product-type-simple"},"_links":{"self":[{"href":"https:\/\/favorigo.com\/index.php\/wp-json\/wp\/v2\/product\/16055","targetHints":{"allow":["GET"]}}],"collection":[{"href":"https:\/\/favorigo.com\/index.php\/wp-json\/wp\/v2\/product"}],"about":[{"href":"https:\/\/favorigo.com\/index.php\/wp-json\/wp\/v2\/types\/product"}],"replies":[{"embeddable":true,"href":"https:\/\/favorigo.com\/index.php\/wp-json\/wp\/v2\/comments?post=16055"}],"version-history":[{"count":3,"href":"https:\/\/favorigo.com\/index.php\/wp-json\/wp\/v2\/product\/16055\/revisions"}],"predecessor-version":[{"id":16261,"href":"https:\/\/favorigo.com\/index.php\/wp-json\/wp\/v2\/product\/16055\/revisions\/16261"}],"wp:featuredmedia":[{"embeddable":true,"href":"https:\/\/favorigo.com\/index.php\/wp-json\/wp\/v2\/media\/16059"}],"wp:attachment":[{"href":"https:\/\/favorigo.com\/index.php\/wp-json\/wp\/v2\/media?parent=16055"}],"wp:term":[{"taxonomy":"product_brand","embeddable":true,"href":"https:\/\/favorigo.com\/index.php\/wp-json\/wp\/v2\/product_brand?post=16055"},{"taxonomy":"product_cat","embeddable":true,"href":"https:\/\/favorigo.com\/index.php\/wp-json\/wp\/v2\/product_cat?post=16055"},{"taxonomy":"product_tag","embeddable":true,"href":"https:\/\/favorigo.com\/index.php\/wp-json\/wp\/v2\/product_tag?post=16055"}],"curies":[{"name":"wp","href":"https:\/\/api.w.org\/{rel}","templated":true}]}}