{"id":16334,"date":"2024-03-24T17:13:48","date_gmt":"2024-03-24T14:13:48","guid":{"rendered":"https:\/\/demositelerim.biz.tr\/favorigo\/?post_type=product&#038;p=16334"},"modified":"2024-03-24T17:33:23","modified_gmt":"2024-03-24T14:33:23","slug":"ahsap-islemeli-tepsi","status":"publish","type":"product","link":"https:\/\/favorigo.com\/index.php\/urun\/ahsap-islemeli-tepsi\/","title":{"rendered":"Ah\u015fap I\u015flemeli Tepsi"},"content":{"rendered":"<p>\u00dcr\u00fcn\u00fcm\u00fcz %100 do\u011fal olup tamamen el i\u015f\u00e7ili\u011fiyle yap\u0131lm\u0131\u015ft\u0131r.<\/p>\n<p>\u00dcr\u00fcn\u00fcm\u00fcz\u00fcn \u00f6l\u00e7\u00fcleri : 28cm geni\u015flik x 47 cm uzunluk<\/p>\n<p>\u00dcr\u00fcn uzunlu\u011funa kulplar dahil de\u011fildir.<\/p>\n<p>Kulplar dahil uzunluk 57 cm olmaktad\u0131r.<\/p>\n<p>Di\u011fer \u00fcr\u00fcnlerimiz i\u00e7in ma\u011fazam\u0131za g\u00f6z atabilirsiniz \ud83d\ude42<\/p>\n","protected":false},"excerpt":{"rendered":"<p>\u00dcr\u00fcn\u00fcm\u00fcz %100 do\u011fal olup tamamen el i\u015f\u00e7ili\u011fiyle yap\u0131lm\u0131\u015ft\u0131r. \u00dcr\u00fcn\u00fcm\u00fcz\u00fcn \u00f6l\u00e7\u00fcleri : 28cm geni\u015flik x 47 cm uzunluk \u00dcr\u00fcn uzunlu\u011funa kulplar<\/p>\n","protected":false},"featured_media":16338,"comment_status":"open","ping_status":"closed","template":"","meta":[],"product_brand":[],"product_cat":[100],"product_tag":[],"class_list":{"0":"post-16334","1":"product","2":"type-product","3":"status-publish","4":"has-post-thumbnail","6":"product_cat-ev-ve-dekorasyon","8":"first","9":"instock","10":"sale","11":"taxable","12":"shipping-taxable","13":"purchasable","14":"product-type-simple"},"_links":{"self":[{"href":"https:\/\/favorigo.com\/index.php\/wp-json\/wp\/v2\/product\/16334","targetHints":{"allow":["GET"]}}],"collection":[{"href":"https:\/\/favorigo.com\/index.php\/wp-json\/wp\/v2\/product"}],"about":[{"href":"https:\/\/favorigo.com\/index.php\/wp-json\/wp\/v2\/types\/product"}],"replies":[{"embeddable":true,"href":"https:\/\/favorigo.com\/index.php\/wp-json\/wp\/v2\/comments?post=16334"}],"version-history":[{"count":1,"href":"https:\/\/favorigo.com\/index.php\/wp-json\/wp\/v2\/product\/16334\/revisions"}],"predecessor-version":[{"id":16340,"href":"https:\/\/favorigo.com\/index.php\/wp-json\/wp\/v2\/product\/16334\/revisions\/16340"}],"wp:featuredmedia":[{"embeddable":true,"href":"https:\/\/favorigo.com\/index.php\/wp-json\/wp\/v2\/media\/16338"}],"wp:attachment":[{"href":"https:\/\/favorigo.com\/index.php\/wp-json\/wp\/v2\/media?parent=16334"}],"wp:term":[{"taxonomy":"product_brand","embeddable":true,"href":"https:\/\/favorigo.com\/index.php\/wp-json\/wp\/v2\/product_brand?post=16334"},{"taxonomy":"product_cat","embeddable":true,"href":"https:\/\/favorigo.com\/index.php\/wp-json\/wp\/v2\/product_cat?post=16334"},{"taxonomy":"product_tag","embeddable":true,"href":"https:\/\/favorigo.com\/index.php\/wp-json\/wp\/v2\/product_tag?post=16334"}],"curies":[{"name":"wp","href":"https:\/\/api.w.org\/{rel}","templated":true}]}}