{"id":16536,"date":"2024-03-27T01:38:09","date_gmt":"2024-03-26T22:38:09","guid":{"rendered":"https:\/\/demositelerim.biz.tr\/favorigo\/?post_type=product&#038;p=16536"},"modified":"2024-03-27T01:54:46","modified_gmt":"2024-03-26T22:54:46","slug":"crazy-deri-kalemlik-gercek-deri-kalemlik","status":"publish","type":"product","link":"https:\/\/favorigo.com\/index.php\/urun\/crazy-deri-kalemlik-gercek-deri-kalemlik\/","title":{"rendered":"Crazy Deri Kalemlik Ger\u00e7ek Deri Kalemlik"},"content":{"rendered":"<p>Crazy Deri Kalemlik Ger\u00e7ek Deri Kalemlik<\/p>\n<p>\u00dcr\u00fcn\u00fcm\u00fcz ger\u00e7ek crazy deriden yap\u0131lm\u0131\u015ft\u0131r.<\/p>\n<p>Keyifli al\u0131\u015fveri\u015fler dileriz \ud83d\ude42<\/p>\n","protected":false},"excerpt":{"rendered":"<p>Crazy Deri Kalemlik Ger\u00e7ek Deri Kalemlik \u00dcr\u00fcn\u00fcm\u00fcz ger\u00e7ek crazy deriden yap\u0131lm\u0131\u015ft\u0131r. Keyifli al\u0131\u015fveri\u015fler dileriz \ud83d\ude42<\/p>\n","protected":false},"featured_media":16537,"comment_status":"open","ping_status":"closed","template":"","meta":[],"product_brand":[],"product_cat":[72],"product_tag":[],"class_list":{"0":"post-16536","1":"product","2":"type-product","3":"status-publish","4":"has-post-thumbnail","6":"product_cat-deri-urunler","8":"first","9":"instock","10":"sale","11":"taxable","12":"shipping-taxable","13":"purchasable","14":"product-type-variable"},"_links":{"self":[{"href":"https:\/\/favorigo.com\/index.php\/wp-json\/wp\/v2\/product\/16536","targetHints":{"allow":["GET"]}}],"collection":[{"href":"https:\/\/favorigo.com\/index.php\/wp-json\/wp\/v2\/product"}],"about":[{"href":"https:\/\/favorigo.com\/index.php\/wp-json\/wp\/v2\/types\/product"}],"replies":[{"embeddable":true,"href":"https:\/\/favorigo.com\/index.php\/wp-json\/wp\/v2\/comments?post=16536"}],"version-history":[{"count":1,"href":"https:\/\/favorigo.com\/index.php\/wp-json\/wp\/v2\/product\/16536\/revisions"}],"predecessor-version":[{"id":16542,"href":"https:\/\/favorigo.com\/index.php\/wp-json\/wp\/v2\/product\/16536\/revisions\/16542"}],"wp:featuredmedia":[{"embeddable":true,"href":"https:\/\/favorigo.com\/index.php\/wp-json\/wp\/v2\/media\/16537"}],"wp:attachment":[{"href":"https:\/\/favorigo.com\/index.php\/wp-json\/wp\/v2\/media?parent=16536"}],"wp:term":[{"taxonomy":"product_brand","embeddable":true,"href":"https:\/\/favorigo.com\/index.php\/wp-json\/wp\/v2\/product_brand?post=16536"},{"taxonomy":"product_cat","embeddable":true,"href":"https:\/\/favorigo.com\/index.php\/wp-json\/wp\/v2\/product_cat?post=16536"},{"taxonomy":"product_tag","embeddable":true,"href":"https:\/\/favorigo.com\/index.php\/wp-json\/wp\/v2\/product_tag?post=16536"}],"curies":[{"name":"wp","href":"https:\/\/api.w.org\/{rel}","templated":true}]}}