{"id":16559,"date":"2024-03-27T02:01:18","date_gmt":"2024-03-26T23:01:18","guid":{"rendered":"https:\/\/demositelerim.biz.tr\/favorigo\/?post_type=product&#038;p=16559"},"modified":"2024-03-27T02:07:53","modified_gmt":"2024-03-26T23:07:53","slug":"ahsap-islemeli-tesbih-kutusu-gercek-ceviz-oyma-hediyelik-taki-kutusu","status":"publish","type":"product","link":"https:\/\/favorigo.com\/index.php\/urun\/ahsap-islemeli-tesbih-kutusu-gercek-ceviz-oyma-hediyelik-taki-kutusu\/","title":{"rendered":"Ah\u015fap I\u015flemeli Tesbih Kutusu Ger\u00e7ek Ceviz Oyma Hediyelik Tak\u0131 Kutusu"},"content":{"rendered":"<p>\u00dcr\u00fcn\u00fcm\u00fcz tamamen el yap\u0131m\u0131d\u0131r.<\/p>\n<p>Ah\u015fap i\u015flemeli hediyelik tak\u0131 kutular\u0131m\u0131z ger\u00e7ek ceviz oymad\u0131r.<\/p>\n<p>Keyifli al\u0131\u015fveri\u015fler dileriz \ud83d\ude42<\/p>\n","protected":false},"excerpt":{"rendered":"<p>\u00dcr\u00fcn\u00fcm\u00fcz tamamen el yap\u0131m\u0131d\u0131r. Ah\u015fap i\u015flemeli hediyelik tak\u0131 kutular\u0131m\u0131z ger\u00e7ek ceviz oymad\u0131r. Keyifli al\u0131\u015fveri\u015fler dileriz \ud83d\ude42<\/p>\n","protected":false},"featured_media":16560,"comment_status":"open","ping_status":"closed","template":"","meta":[],"product_brand":[],"product_cat":[74],"product_tag":[],"class_list":{"0":"post-16559","1":"product","2":"type-product","3":"status-publish","4":"has-post-thumbnail","6":"product_cat-ahsap-urunler","8":"first","9":"instock","10":"sale","11":"taxable","12":"shipping-taxable","13":"purchasable","14":"product-type-simple"},"_links":{"self":[{"href":"https:\/\/favorigo.com\/index.php\/wp-json\/wp\/v2\/product\/16559","targetHints":{"allow":["GET"]}}],"collection":[{"href":"https:\/\/favorigo.com\/index.php\/wp-json\/wp\/v2\/product"}],"about":[{"href":"https:\/\/favorigo.com\/index.php\/wp-json\/wp\/v2\/types\/product"}],"replies":[{"embeddable":true,"href":"https:\/\/favorigo.com\/index.php\/wp-json\/wp\/v2\/comments?post=16559"}],"version-history":[{"count":1,"href":"https:\/\/favorigo.com\/index.php\/wp-json\/wp\/v2\/product\/16559\/revisions"}],"predecessor-version":[{"id":16565,"href":"https:\/\/favorigo.com\/index.php\/wp-json\/wp\/v2\/product\/16559\/revisions\/16565"}],"wp:featuredmedia":[{"embeddable":true,"href":"https:\/\/favorigo.com\/index.php\/wp-json\/wp\/v2\/media\/16560"}],"wp:attachment":[{"href":"https:\/\/favorigo.com\/index.php\/wp-json\/wp\/v2\/media?parent=16559"}],"wp:term":[{"taxonomy":"product_brand","embeddable":true,"href":"https:\/\/favorigo.com\/index.php\/wp-json\/wp\/v2\/product_brand?post=16559"},{"taxonomy":"product_cat","embeddable":true,"href":"https:\/\/favorigo.com\/index.php\/wp-json\/wp\/v2\/product_cat?post=16559"},{"taxonomy":"product_tag","embeddable":true,"href":"https:\/\/favorigo.com\/index.php\/wp-json\/wp\/v2\/product_tag?post=16559"}],"curies":[{"name":"wp","href":"https:\/\/api.w.org\/{rel}","templated":true}]}}